 2*x - 0*x. Calculate the highest common factor of x and 60.
20
Suppose -5*w = -8*w + 90. Suppose 2*s + 6 = 18. Calculate the highest common factor of s and w.
6
Let d(f) = -f**3 + 11*f**2 + 3*f - 15. Let o(v) = 2*v - 1. Let z be o(6). Let u be d(z). What is the highest common divisor of 3 and u?
3
Let d be (-4)/14 - (-6)/21. Let v be 7 - (0 - 1)*d. Let w = v - 6. Calculate the highest common divisor of w and 8.
1
Let m(p) be the third derivative of p**5/30 + p**4/8 + p**3/2 - 4*p**2. Let g be m(-3). What is the greatest common divisor of 3 and g?
3
Suppose 2 - 8 = -3*i. Calculate the highest common divisor of 5 and i.
1
Let j = -10 - -10. Suppose 5*p + 3*z - 148 = j, -2*p + 5*p - 3*z = 108. What is the greatest common factor of 4 and p?
4
Suppose -3*j = 2*f - 19, f - 10 = -j - 3. Let b(s) = s**3 - 3*s**2 + 4*s - 4. Let d be b(3). What is the greatest common divisor of d and f?
2
Suppose -c + 20 = -0*c. Let x be (2*-1)/(-1) - -14. Suppose 3*j + 2*k - 7 = 0, 0 = -4*k - 0*k - x. Calculate the greatest common factor of c and j.
5
Let r be -2 - (-2 - 0) - -19. Let h = 113 + -56. What is the greatest common divisor of r and h?
19
Let x(o) = o**2 + 11*o + 12. Let k be x(-10). Let i(n) = 2*n + 2. Let z be i(k). Suppose z*b = b + 35. What is the highest common factor of 1 and b?
1
Let o = 2 - 0. Let p be (o + (-7)/(-2))*2. Let q be (p - 1)*(0 + 1). What is the greatest common factor of q and 2?
2
Let w = 21 - 16. Calculate the highest common factor of w and 15.
5
Let k be (-240)/(-6) + (-5 - -1). What is the highest common factor of k and 4?
4
Let r(y) = y**2 + 6*y - 10. Suppose -z - z = 3*b + 31, 3*b = -3*z - 39. Let l be r(z). Calculate the highest common factor of 24 and l.
6
Let h = -12 + 129. What is the highest common factor of h and 13?
13
Suppose 261 = 2*r - 2*v - 45, 1 = -v. Let u be r/(1 + 0/(-2)). Let z be 1 + (19 - (3 - 2)). What is the highest common divisor of z and u?
19
Let m = 154 + -95. Suppose z - m = 3*a - 188, 4*z - 30 = -a. Calculate the highest common factor of a and 6.
6
Suppose -2*b = -16 - 46. Calculate the greatest common factor of b and 62.
31
Suppose 4*h - 5*h = -13. Suppose f - h = 11. Suppose 0 = u - 4*g + g - 21, -u + 4*g = -24. What is the greatest common factor of u and f?
12
Let n be (34/(-7))/((-2)/14). What is the highest common divisor of 2 and n?
2
Let m be 44/(-8)*1*-2. Let x(t) = 2*t**2 + t + 1. Let f be x(-8). What is the greatest common divisor of f and m?
11
Let l = 88 - 71. What is the greatest common factor of l and 68?
17
Suppose 3*g - 5*x - 259 = 183, 716 = 5*g + 2*x. Calculate the greatest common divisor of 16 and g.
16
Let v = 11 - 7. Suppose 2*r - 2*a - 20 = -v*a, a = -3*r + 24. Let w be 6 + (-22)/2 + 61. Calculate the highest common divisor of r and w.
7
Let i(m) = -4*m + 10. Let b be i(7). Let g be 4/b - 654/(-27). Suppose g = -2*l + 6*l. Calculate the greatest common divisor of l and 9.
3
Let d be (-2)/8 + (-8168)/(-32). What is the greatest common divisor of 51 and d?
51
Suppose -2*w = -8, -3*w = -5*a - 5*w + 63. Suppose -28 = 7*l - a*l. Calculate the highest common factor of 1 and l.
1
Let d(s) = s**3 - 6*s**2 + 4. Let t be d(6). Suppose t*j - 308 = -88. Let n(p) = -4*p - 3. Let w be n(-2). What is the highest common divisor of j and w?
5
Suppose 4*n + 60 = 7*n. What is the greatest common divisor of n and 30?
10
Let c = 301 - 176. Suppose -4*l + 338 = 3*o + 2*o, -5*l + c = 2*o. What is the greatest common factor of o and 28?
14
Suppose 0 = 2*h + h - 648. Calculate the greatest common factor of 27 and h.
27
Let v be 72/10 + (-2)/10. Let g = 7 - -1. Suppose 0 = 4*w - g*w + 308. What is the highest common factor of v and w?
7
Suppose 0 = -3*n + 5*f + 17, -n = 3*f - 17 + 2. Calculate the greatest common factor of n and 9.
9
Let s be -1 + 2 - (2 + -1). Suppose s = -3*x + 14 + 4. Calculate the highest common factor of x and 54.
6
Let y be 89/3 + 2/6. Let l be 0 + 6/(4 + -1). Suppose l - 32 = -3*z. What is the greatest common factor of y and z?
10
Let f be (-385)/(-10) + 9/6. Let d be (2 - 5)/((-12)/f). Calculate the highest common divisor of d and 25.
5
Suppose 0*u = 4*u - 12. Suppose 15 = -u*p + 3. Let o(q) = -2*q - 3. Let i be o(p). Calculate the greatest common divisor of i and 25.
5
Let y = 78 + -62. Let l be 706/4 - 1/2. Calculate the highest common divisor of l and y.
16
Suppose -25 = -5*l + 20. Let r be 2 - (-2 + 1)/1. What is the highest common factor of l and r?
3
Suppose 782 = 5*n - 3*x, 766 = 5*n - 0*x + x. What is the highest common factor of 14 and n?
14
Suppose 0 = -7*h + 4*h + 2*s + 52, 4*h + 5*s = 77. Suppose 0 = -3*x - 15, -2*m + x = -x - 190. What is the greatest common factor of h and m?
18
Let u(z) = 28*z + 6. Let m be u(6). Let i = m - -373. Suppose 6*h = -3*t + h + 345, 5*t - h = i. What is the highest common factor of t and 22?
22
Suppose 0*l = -3*l + 4*p + 32, p = 4*l - 34. What is the highest common factor of 8 and l?
8
Suppose -2*r - 90 = -3*d, -5*d + 0*r - 4*r + 150 = 0. Suppose 0 = -4*t + 5*v + d + 14, 0 = -3*v - 12. What is the highest common divisor of t and 42?
6
Let o = -151 + 298. What is the highest common divisor of o and 21?
21
Let c = 14 - 20. Let k = c + 9. Suppose -x - 10 = -k*u - 2*x, -x - 2 = 0. Calculate the highest common factor of u and 4.
4
Let u = 72 - -159. Calculate the highest common factor of 21 and u.
21
Let p(u) = -38*u + 1. Let t be p(-2). Let n be 178/26 + 2/13. What is the highest common factor of n and t?
7
Let z(v) = 3*v - 3. Let j be z(2). Suppose -j*s + 4 = -2*s - n, -5*n = 10. Let c be 3 - -2*2/(-4). What is the greatest common divisor of c and s?
2
Let s = 10 - 8. Let k(h) = 2*h - 3 + 4*h**2 + 6*h - s*h - h**3. Let x be k(5). What is the highest common factor of 1 and x?
1
Let y(b) = b**2 + 4*b - 1. Let x be y(-5). Let t be x/(-6)*(-12)/(-8). Let p(n) = 13*n**2. Let l be p(t). Calculate the highest common factor of 13 and l.
13
Let a = -16 - -17. What is the highest common factor of 11 and a?
1
Let m(k) = k**3 + 5*k**2 - 5. Let v be m(-4). What is the highest common divisor of 22 and v?
11
Suppose -2*j = -3*j + 77. Suppose 0 = -3*z - 12, -5*y + 58 + 1 = -z. What is the greatest common factor of j and y?
11
Suppose 0*u + 70 = 5*u. Suppose 5*b - 2*a = 6, 0*b - 6 = -4*b + a. Suppose -u = -0*p - b*p. Calculate the greatest common divisor of p and 49.
7
Suppose -3*b - b + 112 = 0. Calculate the highest common factor of 7 and b.
7
Let k be 2 + (0 - 4) + -10. Let p = 16 - k. Suppose -2*w - 30 = -2*m + 3*w, -4*w = -2*m + p. Calculate the highest common divisor of m and 2.
2
Let n(b) = -b. Let t be (-160)/30 - (-4)/(-6). Let r be n(t). Suppose -4*l = 3*u + 3 + 5, u - 5*l - 29 = 0. What is the greatest common factor of u and r?
2
Let s = -54 + -79. Let d = 284 + s. Suppose -5*r + d = -89. What is the highest common factor of r and 6?
6
Let j = 78 - 68. Calculate the highest common divisor of j and 40.
10
Let v(i) = i**2 - 10*i + 11. Let n be v(8). Let a = n - -6. Calculate the highest common divisor of a and 4.
1
Let o(w) = w**2 + 3*w - 22. Let u be o(-7). What is the highest common factor of 54 and u?
6
Suppose -4*y + 6*y + 401 = 5*i, 0 = -2*i - 4*y + 170. Suppose 0 = -4*l + p + 39, 2*l + 0*l - 30 = 4*p. What is the greatest common divisor of l and i?
9
Let s(a) = 4*a**2 + a. Let d be s(1). Let q be (-2)/((4/1)/(-2)). Calculate the highest common divisor of q and d.
1
Let u be (-1 + (1 - 2))*-4. Let r(y) = -y + 17. Let i be r(u). Let o = -161 + 242. Calculate the highest common factor of o and i.
9
Suppose 106 + 134 = -5*s. Let k be (-2)/7 - s/21. Suppose 0 = 3*n - 3*i - 27, -n + 3*i + k*i + 17 = 0. What is the highest common divisor of 21 and n?
7
Let g(f) be the second derivative of f**4/4 + f**3/3 - 3*f. Let y be g(-4). What is the highest common divisor of y and 8?
8
Let z be 4/(-10)*(-6 + 1). Suppose 3*a + z*a - 70 = 0. Calculate the highest common factor of a and 42.
14
Let v(w) = w**3 - 7*w**2 - 8*w + 10. Let u be v(8). Let k be (-72)/(-5) + u/(-25). Calculate the greatest common factor of k and 7.
7
Suppose -5 = 3*x - 38. Suppose x = 5*o - 79. Suppose 0 = -2*r - 0*r + 12. Calculate the greatest common factor of r and o.
6
Let n be 2/4 + 10/4. Let l be 10*(n*2)/3. Suppose -d = -2*d + l. What is the highest common factor of d and 20?
20
Le